= -6*p + 8. Give z(q).
-4
Let h(d) = -3*d**3 - 7*d**2 - 1 - 5*d - 2 + 4 + 3*d**3 - d**3. What is h(-6)?
-5
Let c(m) = -3*m**2 + 17*m - 1. Let q(x) = -x**3 + 2*x**2 + 3*x - 3. Let j be q(2). Let p(i) = 2*i**2 - 9*i. Let d(k) = j*c(k) + 5*p(k). Determine d(-6).
-3
Let p = 76 - 67. Let v(q) = -q**3 + 11*q**2 - 18*q + 4. Determine v(p).
4
Let v be 2/(-4)*(4 - 4). Suppose 4*p - 3 = -27. Let f(t) = t**2. Let z(q) = -q**3 + 7*q**2 - q - 20. Let d(c) = p*f(c) + z(c). Calculate d(v).
-20
Suppose -7*c + 6*c - 13 = 0. Let a = 13 + c. Suppose 0 = 4*f - 2*t + 12 + 12, a = 2*f - 4*t + 18. Let r(n) = -n**2 - 3*n + 5. What is r(f)?
-5
Let f be ((-21)/(-9))/(2/6). Let g(d) = -6 + f - d + 0. Suppose -9*v + 0 = -9. What is g(v)?
0
Let b = 58 - 63. Let o = b + 1. Let h(r) = -r - 5. Calculate h(o).
-1
Let g = 28 + -14. Let n(z) = z - 16. Let f be n(g). Let u(v) = -2*v**2 - 2*v - 2. Give u(f).
-6
Let g(m) = -3*m + 1. Let v(u) = 12*u + 9. Let s(h) = -3*g(h) - v(h). What is s(-6)?
6
Let w(c) = c - 5. Let m(k) = -2*k + 16. Let i(a) = m(a) + 3*w(a). Give i(5).
6
Let j(l) = 33*l**3 - 37*l**2 + 2*l + 6. Let p(s) = -53*s**3 + 55*s**2 - 3*s - 8. Let f(h) = 8*j(h) + 5*p(h). Give f(-21).
-13
Suppose -54*a = -53*a - 2. Let l(b) = -2*b - 1. Determine l(a).
-5
Suppose -n + 22 = -s, -s - 4*s - 124 = 2*n. Let v = s + 26. Suppose 4*g - 12 = -v*g. Let i(u) = -u**3 + 2*u**2 + 2*u - 2. Calculate i(g).
2
Let b(s) = 12*s**3 - 2*s**2 - s. Let f(y) = -3*y - 12. Let o be f(-4). Suppose o = m + 3*m + 4. Give b(m).
-13
Let w(o) be the first derivative of 3*o**2 - 11*o + 17 + 1/3*o**3. Calculate w(-8).
5
Let v = 962 - 954. Let q(f) = -f**2 + 11*f - 5. Calculate q(v).
19
Let h(n) = n - 2. Let y(f) = -9*f - 20. Let p be y(-3). Give h(p).
5
Let u(m) = 2*m - 20. Let a(h) = 2*h - 26. Let s(g) = 3*a(g) - 4*u(g). Determine s(-2).
6
Let i(w) be the second derivative of w**4/6 - 2*w**3/3 - 5*w**2/2 - 414*w. Calculate i(5).
25
Let f(s) = s**3 - 12*s**2 - 12*s - 4. Let q(u) = 5*u + 3. Let a be q(2). Determine f(a).
9
Let a(p) = -13*p + 4*p + 7*p - p + 7. Calculate a(5).
-8
Let a(z) = -z**2 + 3*z. Let v be ((-14)/21)/((-2)/12). Suppose 0 = 6*c - v*c - 10. Let t be (c/(-15))/(3/(-36)). Give a(t).
-4
Suppose 67 - 66 = p, -p - 23 = -3*a. Let l(x) = x**2 - 13*x + 10. Give l(a).
-30
Suppose 0 = -7*w - w. Let j(o) = 32 + o - 44 + 0*o + w*o. Determine j(8).
-4
Let u = -482 - -488. Let h(r) = -r**3 + 5*r**2 + 4*r - 5. Give h(u).
-17
Let u(s) = -4*s**3 + 10*s**2 - 3*s + 4. Let g(q) = -q**3 + q**2 - q + 1. Let t(c) = 5*g(c) - u(c). Let b = -30 - -32. Let z = b - 5. Give t(z).
-11
Suppose 1 = -x - 1. Let m(h) = -2*h - 2. Let a be m(-2). Let o(t) = 2*t + 3 - 5*t + a - 6. Give o(x).
5
Let w(s) be the first derivative of -15 + 3/2*s**2 - 4*s. Determine w(5).
11
Let l(q) = q**2 - 4*q - 10. Suppose -61*i = -131 - 357. Give l(i).
22
Let x(p) = -p**2 - 6*p + 6. Let j(g) = 18*g - 170. Let n be j(9). Calculate x(n).
-10
Suppose 18 = 3*f - 6*f. Let r(g) = -g**2 - 9*g + 8. Give r(f).
26
Let i(b) = -2*b**2 - 12*b - 5. Let j = -33 + 27. Let z be i(j). Let q(u) = 5*u**2 + u**3 + 3*u - u + 5 - 2. Determine q(z).
-7
Let o(j) be the third derivative of -j**4/24 + 13*j**3/6 - 88*j**2 - j. Determine o(13).
0
Let i(r) be the first derivative of 2*r**3/3 - r**2 - 494. What is i(1)?
0
Let s(p) = -5*p + 13. Let k(v) = 6*v - 14. Let g(a) = -3*k(a) - 4*s(a). Give g(7).
4
Let x(s) = -6*s + s**3 - 5 + 3*s - 2*s**3 + 1 + 2*s. Suppose 0 = -v - 2*v. Give x(v).
-4
Let x(i) be the second derivative of i**3/6 - 2*i**2 - 29*i. Let k be 0/((-10)/((-10)/2)). Determine x(k).
-4
Let z(a) be the third derivative of -a**6/60 + a**5/20 - a**4/8 + a**3/2 + 4*a**2 - 29. Suppose -4*h + 9 - 1 = 0. What is z(h)?
-7
Let m = -29 + 18. Let r = m - -6. Let z(a) = -3*a - 4. Let t(n) = 4*n + 5. Let y(o) = r*z(o) - 4*t(o). What is y(5)?
-5
Let x(m) = m**3 + 2*m - 1. Let b be x(3). Let a = b + -35. Let u(c) = -3*c**2 - 7*c. Let i(t) = -4*t**2 - 8*t. Let n(y) = -2*i(y) + 3*u(y). What is n(a)?
6
Let d(j) = -7*j**2 + 5*j - 21. Let s(i) = -i**2 + i. Let w(g) = -d(g) + 9*s(g). Calculate w(5).
-9
Suppose -19*c - 90 = 5. Let t(x) = 7*x + 5. Let s(y) = 7*y + 6. Let h(g) = c*t(g) + 4*s(g). Give h(-1).
6
Let v(o) = o**2 + 5*o + 6. Let j(x) = x**2 + x + 1. Let l(c) = 3*j(c) - v(c). Suppose -29 = 32*k + 35. Calculate l(k).
9
Let x(q) = -6*q**3. Suppose 4*c = -4 + 8. Let z be x(c). Let d(v) = -2*v - 7. Calculate d(z).
5
Let u = -80 - -82. Let q(x) = 17*x - 9. Let i(s) = 35*s - 19. Let a(l) = 6*i(l) - 13*q(l). Give a(u).
-19
Let l(d) = 5*d**3 + 7*d**2 - 4*d - 5. Let k(w) = -11*w**3 - 15*w**2 + 9*w + 11. Let m(x) = 4*k(x) + 9*l(x). Let z = 229 + -231. Give m(z).
3
Let v(j) = 10*j + 3. Let x(q) = -42 + 127 - 43 - 41 + 3*q. Let a(s) = 2*v(s) - 7*x(s). What is a(-4)?
3
Let s(i) = -24*i + 164. Let g be s(7). Let m(c) = -7 - c - 6*c + 3. Calculate m(g).
24
Let n(k) = 2*k - 3. Let p(z) = z - 2. Let r be p(2). Suppose -36 = -4*o - r*o + 5*v, 20 = 4*o - v. Calculate n(o).
5
Let y(d) be the first derivative of -d**4/4 + 7*d**3/3 + 7*d**2/2 + 5*d - 60. What is y(8)?
-3
Let k = 720 - 727. Let m(x) = -x**2 - 3*x + 3. What is m(k)?
-25
Let j(a) = 66*a + 6 - 131*a + 64*a. What is j(-6)?
12
Let w(y) = 5*y + 12. Let a = -44 + 53. Let z(f) = -f - 3. Let h(v) = a*z(v) + 2*w(v). Let d be (-8)/(-5) - 2/(-5). Calculate h(d).
-1
Let t(j) be the first derivative of j - 7/2*j**2 - 1/3*j**3 - 14. Suppose -5*d - 30 = 10. Determine t(d).
-7
Let g(o) = -52*o**3 - o**2 + 1. Let d = 504 - 503. What is g(d)?
-52
Let t(n) = -4 - 2 + 0*n + n. Let k(h) = -50*h**3 - 44*h**3 + 101*h**3 + 2*h**2. Let r be k(1). Calculate t(r).
3
Let i = -39 - -38. Let c(y) = 7*y**3 - y**2 + y + 1. Give c(i).
-8
Let x(p) be the first derivative of p**4/24 - p**3/3 + p**2/2 + 9. Let g(f) be the second derivative of x(f). Calculate g(5).
3
Let v(u) = -u - 12. Let z be 2*7 - (23 - 14). Determine v(z).
-17
Let h(o) = -43 + 92 - 50 - 2*o. Suppose 2*j = -2*f - 1 + 5, -5*j + 2*f - 25 = 0. What is h(j)?
5
Let t(y) = y**3 + 6*y**2 + y - 7. Let q(f) = -6*f**2 + 12*f + 13. Let g be q(-1). What is t(g)?
13
Suppose 6 + 6 = 4*h. Let r(x) = -6 + x - 3*x + x + h. Calculate r(-5).
2
Let o(g) = -5*g**2 - 26*g + 11. Let j(x) = 9*x**2 + 50*x - 22. Let b(a) = -6*j(a) - 11*o(a). Calculate b(12).
-13
Let d(s) = -56*s + 1 + 107*s - 48*s + 6*s**2 - 6*s**3. Let o(f) = f**3 - f - 1. Let p(h) = -d(h) - 5*o(h). Calculate p(4).
-20
Let f(m) = m**2 + 5*m - 5*m + 4*m - 203 + 204. Calculate f(-3).
-2
Suppose g - 1192 = -3*g. Let u(x) = -3*x**2 + 7*x + 2*x**2 + 303 - g. Let l = -2 - -9. Determine u(l).
5
Let k = 29 - 22. Suppose -k*l + 5*l = 6. Let c(d) = -d**3 - 4*d**2 - 3*d + 2. Determine c(l).
2
Suppose -4*l + 3*g - 9 = 0, -l = 2*g - 6*g - 14. Let i(d) = -d**2 + 6*d + 0*d**2 - 5 - 12*d. Calculate i(l).
-5
Suppose 3 = -2*f + 3*u, -5*u = -0 - 5. Let k = 0 + f. Let p(h) = 0 + 39*h + k + 3 - 35*h. Give p(-3).
-9
Let w = 1203 - 1201. Let j be (-2)/((-3 - 0) + 2). Let d(g) = 3 + 3*g - 5*g + 0*g**j - g**2. What is d(w)?
-5
Let y(t) = 612*t**2 - 612*t**2 - 2*t**3. Give y(1).
-2
Let o(c) = 7*c**2 - 4*c + 17. Let k(q) = -5*q**2 + 5*q - 16. Let d(j) = -3*k(j) - 2*o(j). What is d(4)?
2
Let o(y) = y + 157 - 10*y - 157. Give o(-2).
18
Let x be 4/(4/(-12)*-3). Let y(j) = -21 - x*j**2 + 2*j**2 + 20. Give y(-2).
-9
Let d(p) = 6*p**3 + p + 1. Suppose 2*w = -2*w + 8. Let h be 2 + w/2 - 4. Give d(h).
-6
Let x(v) = -5*v - 1. Let u(p) = -p**2 - 18*p - 66. Let q be u(-13). Calculate x(q).
4
Let h = -19 + 17. Let a(q) = -4*q. Let z be a(h). Let g = z + -4. Let j(t) = t**3 - 2*t**2 - 6*t + 4. Calculate j(g).
12
Suppose -4 = -l - 1. Suppose c + 3*c - 19 = l*t, 0 = 3*t + 3. Suppose c*s = 5*s. Let k(f) = -f - 22. Determine k(s).
-22
Let w(o) be the second derivative of 5*o**3/6 + 37*o**2 - 514*o. Give w(-15).
-1
Let s(n) = n**2 - 7*n + 4. Let b(k) = k**3 - k**2 - 2. Let q be b(2). Let h(f) = f**3 - 2*f**2 + 3*f - 1. Let a be h(q). Calculate s(a).
-6
Let x(h) = h**3 + h**2 - 12*h + 17. Let r be x(2). Let l(j) = -j**2 + 5*j - 6. Give l(r).
-6
Let c(z) = -z - 1 + 2 + 0 - 12 + 5. What is c(-5)?
-1
Let f(a) be the first derivative of a**2/2 + 21. Suppose -3*p = -q - 4, -16 = -7*p + 4*p + 4*q. Suppose 5*t = g - 20, p = -3*t + 4*g + g - 34. Calculate f(t).
-3
Let o(k) = 2*k**2 - 9*k - 5. Let q b